{"id":2970,"date":"2023-09-06T14:49:53","date_gmt":"2023-09-06T14:49:53","guid":{"rendered":"https:\/\/showcase.westerlike.net\/LogiStore\/?page_id=2970"},"modified":"2023-11-16T19:44:04","modified_gmt":"2023-11-16T19:44:04","slug":"lpc-szamitogep-vezerelt-fiokos-szekreny","status":"publish","type":"page","link":"https:\/\/showcase.westerlike.net\/LogiStore\/muhely-es-uzemberendezesek\/lpc-szamitogep-vezerelt-fiokos-szekreny\/","title":{"rendered":"LPC sz\u00e1m\u00edt\u00f3g\u00e9p vez\u00e9relt fi\u00f3kos szekr\u00e9ny"},"content":{"rendered":"","protected":false},"excerpt":{"rendered":"","protected":false},"author":1,"featured_media":2981,"parent":158,"menu_order":0,"comment_status":"closed","ping_status":"closed","template":"","meta":[],"acf":[],"yoast_head":"<!-- This site is optimized with the Yoast SEO plugin v20.7 - https:\/\/yoast.com\/wordpress\/plugins\/seo\/ -->\n<title>LPC sz\u00e1m\u00edt\u00f3g\u00e9p vez\u00e9relt fi\u00f3kos szekr\u00e9ny - Logi-Store Kft. t\u00e1rol\u00e1stechnika, \u00e1llv\u00e1nyredszer, Mecalux partner<\/title>\n<meta name=\"robots\" content=\"noindex, follow, max-snippet:-1, max-image-preview:large, max-video-preview:-1\" \/>\n<meta property=\"og:locale\" content=\"hu_HU\" \/>\n<meta property=\"og:type\" content=\"article\" \/>\n<meta property=\"og:title\" content=\"LPC sz\u00e1m\u00edt\u00f3g\u00e9p vez\u00e9relt fi\u00f3kos szekr\u00e9ny - Logi-Store Kft. t\u00e1rol\u00e1stechnika, \u00e1llv\u00e1nyredszer, Mecalux partner\" \/>\n<meta property=\"og:url\" content=\"https:\/\/showcase.westerlike.net\/LogiStore\/muhely-es-uzemberendezesek\/lpc-szamitogep-vezerelt-fiokos-szekreny\/\" \/>\n<meta property=\"og:site_name\" content=\"Logi-Store Kft. t\u00e1rol\u00e1stechnika, \u00e1llv\u00e1nyredszer, Mecalux partner\" \/>\n<meta property=\"article:modified_time\" content=\"2023-11-16T19:44:04+00:00\" \/>\n<meta property=\"og:image\" content=\"https:\/\/showcase.westerlike.net\/LogiStore\/wp-content\/uploads\/2023\/09\/LPC-szekrenyek-5.png\" \/>\n\t<meta property=\"og:image:width\" content=\"1000\" \/>\n\t<meta property=\"og:image:height\" content=\"600\" \/>\n\t<meta property=\"og:image:type\" content=\"image\/png\" \/>\n<meta name=\"twitter:card\" content=\"summary_large_image\" \/>\n<script type=\"application\/ld+json\" class=\"yoast-schema-graph\">{\"@context\":\"https:\/\/schema.org\",\"@graph\":[{\"@type\":\"WebPage\",\"@id\":\"https:\/\/showcase.westerlike.net\/LogiStore\/muhely-es-uzemberendezesek\/lpc-szamitogep-vezerelt-fiokos-szekreny\/\",\"url\":\"https:\/\/showcase.westerlike.net\/LogiStore\/muhely-es-uzemberendezesek\/lpc-szamitogep-vezerelt-fiokos-szekreny\/\",\"name\":\"LPC sz\u00e1m\u00edt\u00f3g\u00e9p vez\u00e9relt fi\u00f3kos szekr\u00e9ny - Logi-Store Kft. t\u00e1rol\u00e1stechnika, \u00e1llv\u00e1nyredszer, Mecalux partner\",\"isPartOf\":{\"@id\":\"https:\/\/showcase.westerlike.net\/LogiStore\/#website\"},\"datePublished\":\"2023-09-06T14:49:53+00:00\",\"dateModified\":\"2023-11-16T19:44:04+00:00\",\"breadcrumb\":{\"@id\":\"https:\/\/showcase.westerlike.net\/LogiStore\/muhely-es-uzemberendezesek\/lpc-szamitogep-vezerelt-fiokos-szekreny\/#breadcrumb\"},\"inLanguage\":\"hu\",\"potentialAction\":[{\"@type\":\"ReadAction\",\"target\":[\"https:\/\/showcase.westerlike.net\/LogiStore\/muhely-es-uzemberendezesek\/lpc-szamitogep-vezerelt-fiokos-szekreny\/\"]}]},{\"@type\":\"BreadcrumbList\",\"@id\":\"https:\/\/showcase.westerlike.net\/LogiStore\/muhely-es-uzemberendezesek\/lpc-szamitogep-vezerelt-fiokos-szekreny\/#breadcrumb\",\"itemListElement\":[{\"@type\":\"ListItem\",\"position\":1,\"name\":\"F\u0151oldal\",\"item\":\"https:\/\/showcase.westerlike.net\/LogiStore\/\"},{\"@type\":\"ListItem\",\"position\":2,\"name\":\"M\u0171hely- \u00e9s \u00fczemberendez\u00e9sek\",\"item\":\"https:\/\/showcase.westerlike.net\/LogiStore\/muhely-es-uzemberendezesek\/\"},{\"@type\":\"ListItem\",\"position\":3,\"name\":\"LPC sz\u00e1m\u00edt\u00f3g\u00e9p vez\u00e9relt fi\u00f3kos szekr\u00e9ny\"}]},{\"@type\":\"WebSite\",\"@id\":\"https:\/\/showcase.westerlike.net\/LogiStore\/#website\",\"url\":\"https:\/\/showcase.westerlike.net\/LogiStore\/\",\"name\":\"Logi-Store Kft. t\u00e1rol\u00e1stechnika, \u00e1llv\u00e1nyredszer, Mecalux partner\",\"description\":\"\",\"potentialAction\":[{\"@type\":\"SearchAction\",\"target\":{\"@type\":\"EntryPoint\",\"urlTemplate\":\"https:\/\/showcase.westerlike.net\/LogiStore\/?s={search_term_string}\"},\"query-input\":\"required name=search_term_string\"}],\"inLanguage\":\"hu\"}]}<\/script>\n<!-- \/ Yoast SEO plugin. -->","yoast_head_json":{"title":"LPC sz\u00e1m\u00edt\u00f3g\u00e9p vez\u00e9relt fi\u00f3kos szekr\u00e9ny - Logi-Store Kft. t\u00e1rol\u00e1stechnika, \u00e1llv\u00e1nyredszer, Mecalux partner","robots":{"index":"noindex","follow":"follow","max-snippet":"max-snippet:-1","max-image-preview":"max-image-preview:large","max-video-preview":"max-video-preview:-1"},"og_locale":"hu_HU","og_type":"article","og_title":"LPC sz\u00e1m\u00edt\u00f3g\u00e9p vez\u00e9relt fi\u00f3kos szekr\u00e9ny - Logi-Store Kft. t\u00e1rol\u00e1stechnika, \u00e1llv\u00e1nyredszer, Mecalux partner","og_url":"https:\/\/showcase.westerlike.net\/LogiStore\/muhely-es-uzemberendezesek\/lpc-szamitogep-vezerelt-fiokos-szekreny\/","og_site_name":"Logi-Store Kft. t\u00e1rol\u00e1stechnika, \u00e1llv\u00e1nyredszer, Mecalux partner","article_modified_time":"2023-11-16T19:44:04+00:00","og_image":[{"width":1000,"height":600,"url":"https:\/\/showcase.westerlike.net\/LogiStore\/wp-content\/uploads\/2023\/09\/LPC-szekrenyek-5.png","type":"image\/png"}],"twitter_card":"summary_large_image","schema":{"@context":"https:\/\/schema.org","@graph":[{"@type":"WebPage","@id":"https:\/\/showcase.westerlike.net\/LogiStore\/muhely-es-uzemberendezesek\/lpc-szamitogep-vezerelt-fiokos-szekreny\/","url":"https:\/\/showcase.westerlike.net\/LogiStore\/muhely-es-uzemberendezesek\/lpc-szamitogep-vezerelt-fiokos-szekreny\/","name":"LPC sz\u00e1m\u00edt\u00f3g\u00e9p vez\u00e9relt fi\u00f3kos szekr\u00e9ny - Logi-Store Kft. t\u00e1rol\u00e1stechnika, \u00e1llv\u00e1nyredszer, Mecalux partner","isPartOf":{"@id":"https:\/\/showcase.westerlike.net\/LogiStore\/#website"},"datePublished":"2023-09-06T14:49:53+00:00","dateModified":"2023-11-16T19:44:04+00:00","breadcrumb":{"@id":"https:\/\/showcase.westerlike.net\/LogiStore\/muhely-es-uzemberendezesek\/lpc-szamitogep-vezerelt-fiokos-szekreny\/#breadcrumb"},"inLanguage":"hu","potentialAction":[{"@type":"ReadAction","target":["https:\/\/showcase.westerlike.net\/LogiStore\/muhely-es-uzemberendezesek\/lpc-szamitogep-vezerelt-fiokos-szekreny\/"]}]},{"@type":"BreadcrumbList","@id":"https:\/\/showcase.westerlike.net\/LogiStore\/muhely-es-uzemberendezesek\/lpc-szamitogep-vezerelt-fiokos-szekreny\/#breadcrumb","itemListElement":[{"@type":"ListItem","position":1,"name":"F\u0151oldal","item":"https:\/\/showcase.westerlike.net\/LogiStore\/"},{"@type":"ListItem","position":2,"name":"M\u0171hely- \u00e9s \u00fczemberendez\u00e9sek","item":"https:\/\/showcase.westerlike.net\/LogiStore\/muhely-es-uzemberendezesek\/"},{"@type":"ListItem","position":3,"name":"LPC sz\u00e1m\u00edt\u00f3g\u00e9p vez\u00e9relt fi\u00f3kos szekr\u00e9ny"}]},{"@type":"WebSite","@id":"https:\/\/showcase.westerlike.net\/LogiStore\/#website","url":"https:\/\/showcase.westerlike.net\/LogiStore\/","name":"Logi-Store Kft. t\u00e1rol\u00e1stechnika, \u00e1llv\u00e1nyredszer, Mecalux partner","description":"","potentialAction":[{"@type":"SearchAction","target":{"@type":"EntryPoint","urlTemplate":"https:\/\/showcase.westerlike.net\/LogiStore\/?s={search_term_string}"},"query-input":"required name=search_term_string"}],"inLanguage":"hu"}]}},"_links":{"self":[{"href":"https:\/\/showcase.westerlike.net\/LogiStore\/wp-json\/wp\/v2\/pages\/2970"}],"collection":[{"href":"https:\/\/showcase.westerlike.net\/LogiStore\/wp-json\/wp\/v2\/pages"}],"about":[{"href":"https:\/\/showcase.westerlike.net\/LogiStore\/wp-json\/wp\/v2\/types\/page"}],"author":[{"embeddable":true,"href":"https:\/\/showcase.westerlike.net\/LogiStore\/wp-json\/wp\/v2\/users\/1"}],"replies":[{"embeddable":true,"href":"https:\/\/showcase.westerlike.net\/LogiStore\/wp-json\/wp\/v2\/comments?post=2970"}],"version-history":[{"count":11,"href":"https:\/\/showcase.westerlike.net\/LogiStore\/wp-json\/wp\/v2\/pages\/2970\/revisions"}],"predecessor-version":[{"id":3970,"href":"https:\/\/showcase.westerlike.net\/LogiStore\/wp-json\/wp\/v2\/pages\/2970\/revisions\/3970"}],"up":[{"embeddable":true,"href":"https:\/\/showcase.westerlike.net\/LogiStore\/wp-json\/wp\/v2\/pages\/158"}],"wp:featuredmedia":[{"embeddable":true,"href":"https:\/\/showcase.westerlike.net\/LogiStore\/wp-json\/wp\/v2\/media\/2981"}],"wp:attachment":[{"href":"https:\/\/showcase.westerlike.net\/LogiStore\/wp-json\/wp\/v2\/media?parent=2970"}],"curies":[{"name":"wp","href":"https:\/\/api.w.org\/{rel}","templated":true}]}}