{"id":3141,"date":"2016-08-01T12:34:58","date_gmt":"2016-08-01T12:34:58","guid":{"rendered":"https:\/\/showcase.westerlike.net\/Timba\/?page_id=3141"},"modified":"2022-09-24T10:33:19","modified_gmt":"2022-09-24T10:33:19","slug":"nagyformatumu-nyomtatas","status":"publish","type":"page","link":"https:\/\/showcase.westerlike.net\/Timba\/szolgaltatasok\/nagyformatumu-nyomtatas\/","title":{"rendered":"Nagyform\u00e1tum\u00fa nyomtat\u00e1s"},"content":{"rendered":"<p>Jelenleg k\u00e9t professzion\u00e1lis nyomtat\u00f3val dolgozunk, egy belt\u00e9ri, ink\u00e1bb m\u0171v\u00e9szi nyomatokhoz haszn\u00e1lhat\u00f3 <strong>Canon<\/strong> \u00e9s egy kimondottan k\u00fclt\u00e9rre fejlesztett old\u00f3szeres ECO Solvent tint\u00e1kkal felszerelt <strong>Roland<\/strong> m\u00e1rk\u00e1j\u00fa nyomtat\u00f3\/kont\u00farv\u00e1g\u00f3. Mindk\u00e9t nyomtat\u00f3nk alkalmas min\u0151s\u00e9gi nyomatok el\u0151\u00e1ll\u00edt\u00e1s\u00e1ra, brili\u00e1ns sz\u00ednekkel \u00e9s hatalmas felbont\u00e1ssal. Professzion\u00e1lis hordoz\u00f3 alapanyagaink garant\u00e1lj\u00e1k a legmagasabb min\u0151s\u00e9get, a pomp\u00e1s sz\u00edneket \u00e9s meggy\u0151z\u0151en hossz\u00fa &#8211;\u00a0belt\u00e9ren ak\u00e1r 100-200 \u00e9v, k\u00fclt\u00e9ren lamin\u00e1l\u00e1s n\u00e9lk\u00fcl 2-3 \u00e9v sz\u00edntart\u00f3ss\u00e1got.<\/p>\n<p>Az al\u00e1bbi felsorol\u00e1s a teljess\u00e9g ig\u00e9nye n\u00e9lk\u00fcl, csak a leggyakrabban haszn\u00e1lt alapanyagokat szedt\u00fck list\u00e1ba.<\/p>\n<h4>Pap\u00edrok<\/h4>\n<ul>\n<li>k\u00e9kh\u00e1t\u00fa plak\u00e1tpap\u00edr<\/li>\n<li>fot\u00f3pap\u00edr (f\u00e9nyes, f\u00e9lf\u00e9nyes, matt)<\/li>\n<li>m\u0171nyom\u00f3 jelleg\u0171 pap\u00edrok<\/li>\n<li>citylight (\u00e1tvil\u00e1g\u00edt\u00f3s) pap\u00edr<\/li>\n<li>nyomtathat\u00f3 tap\u00e9ta<\/li>\n<li>szintetikus, \u201et\u00e9phetetlen\u201d pap\u00edr (Tyvek)<\/li>\n<\/ul>\n<h4>F\u00f3li\u00e1k<\/h4>\n<ul>\n<li>k\u00f6lts\u00e9ghat\u00e9kony monomer f\u00f3li\u00e1k<\/li>\n<li>min\u0151s\u00e9gi polymer f\u00f3li\u00e1k<\/li>\n<li>\u00f6nt\u00f6tt f\u00f3li\u00e1k 3D j\u00e1rm\u0171dekor\u00e1ci\u00f3hoz<\/li>\n<li>faldekor\u00e1l\u00f3 f\u00f3li\u00e1k k\u00fcl- \u00e9s belt\u00e9rre<\/li>\n<li>one way vision (egy ir\u00e1nyb\u00f3l l\u00e1that\u00f3, m\u00e1sik ir\u00e1nyb\u00f3l \u00e1ttetsz\u0151) ablakf\u00f3li\u00e1k<\/li>\n<li>sz\u00ednes plotterf\u00f3li\u00e1k<\/li>\n<li>v\u00edztiszta nyomtathat\u00f3 \u00e9s lamin\u00e1l\u00f3 f\u00f3li\u00e1k<\/li>\n<li>padl\u00f3grafika cs\u00fasz\u00e1sg\u00e1tl\u00f3s v\u00e9d\u0151f\u00f3lia<\/li>\n<\/ul>\n<h4>Bannerek<\/h4>\n<ul>\n<li>\u00e1tvil\u00e1g\u00edthat\u00f3 ponyva<\/li>\n<li>sz\u00e1ler\u0151s\u00edt\u00e9s\u0171 hengerelt ponyva<\/li>\n<li>\u00f6nt\u00f6tt ponyva<\/li>\n<li>f\u00e9nyt \u00e1t nem ereszt\u0151 ponyva<\/li>\n<li>\u00e9p\u00fcleth\u00e1l\u00f3k (MESH)<\/li>\n<\/ul>\n<h4>M\u00e1gneses anyagok<\/h4>\n<ul>\n<li>t\u00f6bbsz\u00f6r haszn\u00e1latos g\u00e9pj\u00e1rm\u0171 dekor\u00e1ci\u00f3k (sebess\u00e9gt\u0151l f\u00fcgg\u0151 er\u0151ss\u00e9ggel)<\/li>\n<li>m\u00e1gnesszalagok ki\u00e1ll\u00edt\u00e1si install\u00e1ci\u00f3k r\u00f6gz\u00edt\u00e9s\u00e9hez<\/li>\n<\/ul>\n<h4>Filmek<\/h4>\n<ul>\n<li>\u00e1tvil\u00e1g\u00edthat\u00f3 backlit film<\/li>\n<li>Roll-upokba \u00e9s bannerekbe val\u00f3 m\u00e9rettart\u00f3 filmek<\/li>\n<\/ul>\n<h4>V\u00e1szon anyagok<\/h4>\n<ul>\n<li>hurkolt poli\u00e9szter v\u00e1szon<\/li>\n<li>fest\u0151v\u00e1szon (canvas)<\/li>\n<\/ul>\n<p>&nbsp;<\/p>\n<h4 class=\"ar-cim\"><a><\/a>\u00c1raink<\/h4>\n<div class=\"table-responsive\">\n<table class=\"table table-hover\" border=\"0\" cellspacing=\"0\" cellpadding=\"0\" align=\"center\">\n<tbody>\n<tr class=\"ar-kiemelt\">\n<td style=\"padding-left: 10px;\">T\u00edpusok:<\/td>\n<td style=\"text-align: center;\">\u00e1r \/ m2<\/td>\n<\/tr>\n<tr>\n<td style=\"padding-left: 10px;\">Pap\u00edrok<\/td>\n<td style=\"text-align: center;\"><strong>2.500<\/strong> Ft -t\u00f3l<\/td>\n<\/tr>\n<tr class=\"ar-szurke\">\n<td style=\"padding-left: 10px;\">F\u00f3li\u00e1k<\/td>\n<td style=\"text-align: center;\"><strong>6.500<\/strong> Ft -t\u00f3l<\/td>\n<\/tr>\n<tr>\n<td style=\"padding-left: 10px;\">Ponyv\u00e1k<\/td>\n<td style=\"text-align: center;\"><strong>6.000<\/strong> Ft -t\u00f3l<\/td>\n<\/tr>\n<tr class=\"ar-szurke\">\n<td style=\"padding-left: 10px;\">V\u00e1sznak<\/td>\n<td style=\"text-align: center;\"><strong>8.000<\/strong> Ft -t\u00f3l<\/td>\n<\/tr>\n<tr>\n<td style=\"padding-left: 10px;\">Filmek<\/td>\n<td style=\"text-align: center;\"><strong>8.000<\/strong> Ft -t\u00f3l<\/td>\n<\/tr>\n<tr class=\"ar-szurke\">\n<td style=\"padding-left: 10px;\">M\u00e1gneses anyagok<\/td>\n<td style=\"text-align: center;\"><strong>10.000<\/strong> Ft- t\u00f3l<\/td>\n<\/tr>\n<\/tbody>\n<\/table>\n<\/div>\n<h6 style=\"text-align: center;\">\u00c1raink v\u00e9gfelhaszn\u00e1l\u00f3i \u00e1rak, mag\u00e1nszem\u00e9lyek r\u00e9sz\u00e9re nem tartalmaznak \u00c1FA-t,<br \/>\nc\u00e9ges megrendel\u00e9s eset\u00e9n +27% \u00c1FA-t meg kell fizetni!<\/h6>\n","protected":false},"excerpt":{"rendered":"<p>Jelenleg k\u00e9t professzion\u00e1lis nyomtat\u00f3val dolgozunk, egy belt\u00e9ri, ink\u00e1bb m\u0171v\u00e9szi nyomatokhoz haszn\u00e1lhat\u00f3 Canon \u00e9s egy kimondottan k\u00fclt\u00e9rre fejlesztett old\u00f3szeres ECO Solvent tint\u00e1kkal felszerelt Roland m\u00e1rk\u00e1j\u00fa nyomtat\u00f3\/kont\u00farv\u00e1g\u00f3&#8230;.<\/p>\n","protected":false},"author":1,"featured_media":3142,"parent":61,"menu_order":0,"comment_status":"closed","ping_status":"closed","template":"page_fullwidth.php","meta":{"footnotes":""},"class_list":["post-3141","page","type-page","status-publish","has-post-thumbnail","hentry"],"_links":{"self":[{"href":"https:\/\/showcase.westerlike.net\/Timba\/wp-json\/wp\/v2\/pages\/3141","targetHints":{"allow":["GET"]}}],"collection":[{"href":"https:\/\/showcase.westerlike.net\/Timba\/wp-json\/wp\/v2\/pages"}],"about":[{"href":"https:\/\/showcase.westerlike.net\/Timba\/wp-json\/wp\/v2\/types\/page"}],"author":[{"embeddable":true,"href":"https:\/\/showcase.westerlike.net\/Timba\/wp-json\/wp\/v2\/users\/1"}],"replies":[{"embeddable":true,"href":"https:\/\/showcase.westerlike.net\/Timba\/wp-json\/wp\/v2\/comments?post=3141"}],"version-history":[{"count":0,"href":"https:\/\/showcase.westerlike.net\/Timba\/wp-json\/wp\/v2\/pages\/3141\/revisions"}],"up":[{"embeddable":true,"href":"https:\/\/showcase.westerlike.net\/Timba\/wp-json\/wp\/v2\/pages\/61"}],"wp:featuredmedia":[{"embeddable":true,"href":"https:\/\/showcase.westerlike.net\/Timba\/wp-json\/wp\/v2\/media\/3142"}],"wp:attachment":[{"href":"https:\/\/showcase.westerlike.net\/Timba\/wp-json\/wp\/v2\/media?parent=3141"}],"curies":[{"name":"wp","href":"https:\/\/api.w.org\/{rel}","templated":true}]}}