{"id":3165,"date":"2016-08-22T12:36:13","date_gmt":"2016-08-22T12:36:13","guid":{"rendered":"https:\/\/showcase.westerlike.net\/Timba\/?page_id=3165"},"modified":"2022-09-24T10:42:43","modified_gmt":"2022-09-24T10:42:43","slug":"informacios-tablak-keszitese","status":"publish","type":"page","link":"https:\/\/showcase.westerlike.net\/Timba\/szolgaltatasok\/informacios-tablak-keszitese\/","title":{"rendered":"Inform\u00e1ci\u00f3s t\u00e1bl\u00e1k k\u00e9sz\u00edt\u00e9se"},"content":{"rendered":"<ul>\n<li>Inform\u00e1ci\u00f3s t\u00e1bl\u00e1k<\/li>\n<li>H\u00e1zsz\u00e1m t\u00e1bl\u00e1k<\/li>\n<li>Utcan\u00e9v t\u00e1bl\u00e1k<\/li>\n<li>\u00datbaigaz\u00edt\u00f3 t\u00e1bl\u00e1k<\/li>\n<li>\u00datir\u00e1nyjelz\u0151 t\u00e1bl\u00e1k<\/li>\n<li>Ut\u00e1nvil\u00e1g\u00edt\u00f3 t\u00e1bl\u00e1k<\/li>\n<\/ul>\n<p>Inform\u00e1ci\u00f3s t\u00e1bl\u00e1k gy\u00e1rt\u00e1sa szabv\u00e1ny, illetve egyedi kivitelben t\u00f6bbf\u00e9le alapanyagra. Lehet horganyzott lemez, vagy ak\u00e1r habos\u00edtott m\u0171anyag t\u00e1bla, lehet nyomtatott, vagy f\u00f3liav\u00e1gott \u00e9s lehet ak\u00e1r ut\u00e1nvil\u00e1g\u00edt\u00f3 (s\u00f6t\u00e9tben vil\u00e1g\u00edt) kivitel\u0171 is.<\/p>\n<h4 class=\"ar-cim\"><a><\/a>\u00c1raink<\/h4>\n<div class=\"table-responsive\">\n<table class=\"table table-hover\" border=\"0\" cellspacing=\"0\" cellpadding=\"0\" align=\"center\">\n<tbody>\n<tr class=\"ar-kiemelt\">\n<td id=\"vonal2\" style=\"padding-left: 10px;\"><strong>Megnevez\u00e9s<\/strong><\/td>\n<td style=\"text-align: center;\"><strong>\u00e1r<\/strong><\/td>\n<\/tr>\n<tr class=\"ar-szurke\">\n<td id=\"vonal2\" style=\"padding-left: 10px;\">A4 m\u00e9ret\u0171 t\u00e1bla<\/td>\n<td style=\"text-align: center;\"><strong>2.500<\/strong> Ft<\/td>\n<\/tr>\n<tr>\n<td id=\"vonal2\" style=\"padding-left: 10px;\">A3 m\u00e9ret\u0171 t\u00e1bla<\/td>\n<td style=\"text-align: center;\"><strong>4.500<\/strong> Ft<\/td>\n<\/tr>\n<tr class=\"ar-szurke\">\n<td id=\"vonal2\" style=\"padding-left: 10px;\">21 x 21 cm h\u00e1zsz\u00e1mt\u00e1bla<\/td>\n<td style=\"text-align: center;\"><strong>2.500<\/strong> Ft<\/td>\n<\/tr>\n<tr>\n<td id=\"vonal2\" style=\"padding-left: 10px;\">20 x 10 cm ut\u00e1nvil\u00e1g\u00edt\u00f3 t\u00e1bla<\/td>\n<td style=\"text-align: center;\"><strong>2.800<\/strong> Ft<\/td>\n<\/tr>\n<\/tbody>\n<\/table>\n<\/div>\n<p>&nbsp;<\/p>\n<h6 style=\"text-align: center;\">\u00c1raink v\u00e9gfelhaszn\u00e1l\u00f3i \u00e1rak, mag\u00e1nszem\u00e9lyek r\u00e9sz\u00e9re nem tartalmaznak \u00c1FA-t,<br \/>\nc\u00e9ges megrendel\u00e9s eset\u00e9n +27% \u00c1FA-t meg kell fizetni!<\/h6>\n","protected":false},"excerpt":{"rendered":"<p>Inform\u00e1ci\u00f3s t\u00e1bl\u00e1k H\u00e1zsz\u00e1m t\u00e1bl\u00e1k Utcan\u00e9v t\u00e1bl\u00e1k \u00datbaigaz\u00edt\u00f3 t\u00e1bl\u00e1k \u00datir\u00e1nyjelz\u0151 t\u00e1bl\u00e1k Ut\u00e1nvil\u00e1g\u00edt\u00f3 t\u00e1bl\u00e1k Inform\u00e1ci\u00f3s t\u00e1bl\u00e1k gy\u00e1rt\u00e1sa szabv\u00e1ny, illetve egyedi kivitelben t\u00f6bbf\u00e9le alapanyagra. Lehet horganyzott lemez, vagy&#8230;<\/p>\n","protected":false},"author":1,"featured_media":3166,"parent":61,"menu_order":0,"comment_status":"closed","ping_status":"closed","template":"page_fullwidth.php","meta":{"footnotes":""},"class_list":["post-3165","page","type-page","status-publish","has-post-thumbnail","hentry"],"_links":{"self":[{"href":"https:\/\/showcase.westerlike.net\/Timba\/wp-json\/wp\/v2\/pages\/3165","targetHints":{"allow":["GET"]}}],"collection":[{"href":"https:\/\/showcase.westerlike.net\/Timba\/wp-json\/wp\/v2\/pages"}],"about":[{"href":"https:\/\/showcase.westerlike.net\/Timba\/wp-json\/wp\/v2\/types\/page"}],"author":[{"embeddable":true,"href":"https:\/\/showcase.westerlike.net\/Timba\/wp-json\/wp\/v2\/users\/1"}],"replies":[{"embeddable":true,"href":"https:\/\/showcase.westerlike.net\/Timba\/wp-json\/wp\/v2\/comments?post=3165"}],"version-history":[{"count":0,"href":"https:\/\/showcase.westerlike.net\/Timba\/wp-json\/wp\/v2\/pages\/3165\/revisions"}],"up":[{"embeddable":true,"href":"https:\/\/showcase.westerlike.net\/Timba\/wp-json\/wp\/v2\/pages\/61"}],"wp:featuredmedia":[{"embeddable":true,"href":"https:\/\/showcase.westerlike.net\/Timba\/wp-json\/wp\/v2\/media\/3166"}],"wp:attachment":[{"href":"https:\/\/showcase.westerlike.net\/Timba\/wp-json\/wp\/v2\/media?parent=3165"}],"curies":[{"name":"wp","href":"https:\/\/api.w.org\/{rel}","templated":true}]}}