{"id":3174,"date":"2016-08-22T13:09:31","date_gmt":"2016-08-22T13:09:31","guid":{"rendered":"https:\/\/showcase.westerlike.net\/Timba\/?page_id=3174"},"modified":"2022-09-24T10:43:39","modified_gmt":"2022-09-24T10:43:39","slug":"roll-ok-bannerek-gyartasa","status":"publish","type":"page","link":"https:\/\/showcase.westerlike.net\/Timba\/szolgaltatasok\/roll-ok-bannerek-gyartasa\/","title":{"rendered":"Roll-Up-ok, bannerek gy\u00e1rt\u00e1sa"},"content":{"rendered":"<ul>\n<li>Roll-Up<\/li>\n<li>X Banner<\/li>\n<li>L Banner<\/li>\n<\/ul>\n<p>A Roll-Up az egyik legkeresettebb rekl\u00e1mterm\u00e9k. \u00c1r-\u00e9rt\u00e9k ar\u00e1nya kimagasl\u00f3! A leggyakrabban ki\u00e1ll\u00edt\u00e1sokon, exp\u00f3kon, rendezv\u00e9nyeken haszn\u00e1latos, de ak\u00e1r saj\u00e1t boltunk bels\u0151 dekor\u00e1ci\u00f3jak\u00e9nt is kiv\u00e1l\u00f3. A banner nyomat a Roll-Up alum\u00ednium test\u00e9ben feltekerve helyezkedik el, \u00edgy kis helyet foglal \u00e9s v\u00e9dve van a sz\u00e1ll\u00edt\u00e1s k\u00f6zben esetlegesen bek\u00f6vetkez\u0151 s\u00e9r\u00fcl\u00e9sekt\u0151l. A szerkezethez tartoz\u00f3 v\u00e1szon hord t\u00e1sk\u00e1val a sz\u00e1ll\u00edt\u00e1s k\u00f6nnyed\u00e9n megoldhat\u00f3. A Roll-Up szerkezethez tartoz\u00f3 nyomat egy kifejezetten erre a c\u00e9lra kifejlesztett speci\u00e1lis sz\u00fcrkeh\u00e1t\u00fa (nem l\u00e1tszik \u00e1t) Roll-Up filmre k\u00e9sz\u00fcl.<\/p>\n<h4 class=\"ar-cim\"><a><\/a>\u00c1raink<\/h4>\n<div class=\"table-responsive\">\n<table class=\"table table-hover\" border=\"0\" cellspacing=\"0\" cellpadding=\"0\" align=\"center\">\n<tbody>\n<tr class=\"ar-kiemelt\">\n<td id=\"vonal2\" style=\"padding-left: 10px;\"><strong>Megnevez\u00e9s<\/strong><\/td>\n<td style=\"text-align: center;\"><strong>\u00e1r<\/strong><\/td>\n<\/tr>\n<tr class=\"ar-szurke\">\n<td id=\"vonal2\" style=\"padding-left: 10px;\">85 x 200 cm Roll-Up<\/td>\n<td style=\"text-align: center;\"><strong>22.900<\/strong> Ft<\/td>\n<\/tr>\n<tr>\n<td id=\"vonal2\" style=\"padding-left: 10px;\">100\u00a0x 200 cm Roll-Up<\/td>\n<td style=\"text-align: center;\"><strong>25.900<\/strong> Ft<\/td>\n<\/tr>\n<tr class=\"ar-szurke\">\n<td id=\"vonal2\" style=\"padding-left: 10px;\">60\u00a0x 160 cm X Banner<\/td>\n<td style=\"text-align: center;\"><strong>17.900<\/strong> Ft<\/td>\n<\/tr>\n<tr>\n<td id=\"vonal2\" style=\"padding-left: 10px;\">80\u00a0x 180 cm X Banner<\/td>\n<td style=\"text-align: center;\"><strong>20.900<\/strong> Ft<\/td>\n<\/tr>\n<\/tbody>\n<\/table>\n<\/div>\n<p>&nbsp;<\/p>\n<h6 style=\"text-align: center;\">\u00c1raink v\u00e9gfelhaszn\u00e1l\u00f3i \u00e1rak, mag\u00e1nszem\u00e9lyek r\u00e9sz\u00e9re nem tartalmaznak \u00c1FA-t,<br \/>\nc\u00e9ges megrendel\u00e9s eset\u00e9n +27% \u00c1FA-t meg kell fizetni!<\/h6>\n","protected":false},"excerpt":{"rendered":"<p>Roll-Up X Banner L Banner A Roll-Up az egyik legkeresettebb rekl\u00e1mterm\u00e9k. \u00c1r-\u00e9rt\u00e9k ar\u00e1nya kimagasl\u00f3! A leggyakrabban ki\u00e1ll\u00edt\u00e1sokon, exp\u00f3kon, rendezv\u00e9nyeken haszn\u00e1latos, de ak\u00e1r saj\u00e1t boltunk bels\u0151&#8230;<\/p>\n","protected":false},"author":1,"featured_media":3175,"parent":61,"menu_order":0,"comment_status":"closed","ping_status":"closed","template":"page_fullwidth.php","meta":{"footnotes":""},"class_list":["post-3174","page","type-page","status-publish","has-post-thumbnail","hentry"],"_links":{"self":[{"href":"https:\/\/showcase.westerlike.net\/Timba\/wp-json\/wp\/v2\/pages\/3174","targetHints":{"allow":["GET"]}}],"collection":[{"href":"https:\/\/showcase.westerlike.net\/Timba\/wp-json\/wp\/v2\/pages"}],"about":[{"href":"https:\/\/showcase.westerlike.net\/Timba\/wp-json\/wp\/v2\/types\/page"}],"author":[{"embeddable":true,"href":"https:\/\/showcase.westerlike.net\/Timba\/wp-json\/wp\/v2\/users\/1"}],"replies":[{"embeddable":true,"href":"https:\/\/showcase.westerlike.net\/Timba\/wp-json\/wp\/v2\/comments?post=3174"}],"version-history":[{"count":0,"href":"https:\/\/showcase.westerlike.net\/Timba\/wp-json\/wp\/v2\/pages\/3174\/revisions"}],"up":[{"embeddable":true,"href":"https:\/\/showcase.westerlike.net\/Timba\/wp-json\/wp\/v2\/pages\/61"}],"wp:featuredmedia":[{"embeddable":true,"href":"https:\/\/showcase.westerlike.net\/Timba\/wp-json\/wp\/v2\/media\/3175"}],"wp:attachment":[{"href":"https:\/\/showcase.westerlike.net\/Timba\/wp-json\/wp\/v2\/media?parent=3174"}],"curies":[{"name":"wp","href":"https:\/\/api.w.org\/{rel}","templated":true}]}}