{"id":8662,"date":"2020-04-17T07:37:37","date_gmt":"2020-04-17T07:37:37","guid":{"rendered":"https:\/\/showcase.westerlike.net\/Timba\/?page_id=8662"},"modified":"2020-04-17T07:38:54","modified_gmt":"2020-04-17T07:38:54","slug":"impresszum","status":"publish","type":"page","link":"https:\/\/showcase.westerlike.net\/Timba\/impresszum\/","title":{"rendered":"Impresszum"},"content":{"rendered":"<h2>Tulajdonos \u00e9s szolg\u00e1ltat\u00f3<\/h2>\n<p>A <a href=\"https:\/\/showcase.westerlike.net\/Timba\">timba.hu<\/a> webhely tulajdonosa: Sipos Bal\u00e1zs G\u00e1bor<\/p>\n<p><b>A web\u00e1ruh\u00e1zat k\u00e9sz\u00edtette \u00e9s \u00fczemelteti:<\/b> Sipos Bal\u00e1zs G\u00e1bor EV.<br \/>\n<b>Sz\u00e9khely:<\/b> 2483 G\u00e1rdony, Radn\u00f3ti Mikl\u00f3s utca 51.<br \/>\n<b>E-mail:<\/b> info[kukac]timba[pont]hu<br \/>\n<b>Weboldal:<\/b> www.timba.hu<br \/>\n<b>Nyilv\u00e1ntart\u00e1si sz\u00e1m:<\/b> 41483480<br \/>\n<b>Ad\u00f3sz\u00e1m:<\/b> 66955526-1-27<\/p>\n<p>A szolg\u00e1ltat\u00f3 meghat\u00e1rozott marketing kommunik\u00e1ci\u00f3s kamp\u00e1nyokban adatfeldolgoz\u00f3k\u00e9nt is r\u00e9szt vesz.<\/p>\n<h2>T\u00e1rhelyszolg\u00e1ltat\u00f3<\/h2>\n<p><b>A t\u00e1rhelyet szolg\u00e1ltatja:<\/b> Evolutionet Kft.<br \/>\n<b>E-mail:<\/b> ugyfelszolgalat@szerverzum.hu<br \/>\n<b>Weboldal:<\/b> www.szerverzum.hu<\/p>\n","protected":false},"excerpt":{"rendered":"<p>Tulajdonos \u00e9s szolg\u00e1ltat\u00f3 A timba.hu webhely tulajdonosa: Sipos Bal\u00e1zs G\u00e1bor A web\u00e1ruh\u00e1zat k\u00e9sz\u00edtette \u00e9s \u00fczemelteti: Sipos Bal\u00e1zs G\u00e1bor EV. Sz\u00e9khely: 2483 G\u00e1rdony, Radn\u00f3ti Mikl\u00f3s utca&#8230;<\/p>\n","protected":false},"author":1,"featured_media":0,"parent":0,"menu_order":0,"comment_status":"closed","ping_status":"closed","template":"page_fullwidth.php","meta":{"footnotes":""},"class_list":["post-8662","page","type-page","status-publish","hentry"],"_links":{"self":[{"href":"https:\/\/showcase.westerlike.net\/Timba\/wp-json\/wp\/v2\/pages\/8662","targetHints":{"allow":["GET"]}}],"collection":[{"href":"https:\/\/showcase.westerlike.net\/Timba\/wp-json\/wp\/v2\/pages"}],"about":[{"href":"https:\/\/showcase.westerlike.net\/Timba\/wp-json\/wp\/v2\/types\/page"}],"author":[{"embeddable":true,"href":"https:\/\/showcase.westerlike.net\/Timba\/wp-json\/wp\/v2\/users\/1"}],"replies":[{"embeddable":true,"href":"https:\/\/showcase.westerlike.net\/Timba\/wp-json\/wp\/v2\/comments?post=8662"}],"version-history":[{"count":0,"href":"https:\/\/showcase.westerlike.net\/Timba\/wp-json\/wp\/v2\/pages\/8662\/revisions"}],"wp:attachment":[{"href":"https:\/\/showcase.westerlike.net\/Timba\/wp-json\/wp\/v2\/media?parent=8662"}],"curies":[{"name":"wp","href":"https:\/\/api.w.org\/{rel}","templated":true}]}}