{"id":8607,"date":"2020-04-08T12:23:47","date_gmt":"2020-04-08T12:23:47","guid":{"rendered":"https:\/\/showcase.westerlike.net\/Timba\/?post_type=product&#038;p=8607"},"modified":"2025-02-04T16:35:43","modified_gmt":"2025-02-04T16:35:43","slug":"mol-hygi-fluid-alkoholos-kez-tisztito-folyadek-fertotlenito-2000-ml","status":"publish","type":"product","link":"https:\/\/showcase.westerlike.net\/Timba\/termek\/mol-hygi-fluid-alkoholos-kez-tisztito-folyadek-fertotlenito-2000-ml\/","title":{"rendered":"MOL Hygi Fluid alkoholos k\u00e9z tiszt\u00edt\u00f3 folyad\u00e9k (fert\u0151tlen\u00edt\u0151, 2000 ml)"},"content":{"rendered":"<p>A MOL Hygi Fluid h\u00edg\u00edt\u00e1st \u00e9s \u00f6bl\u00edt\u00e9st nem ig\u00e9nyl\u0151, b\u0151rfel\u00fcleten k\u00f6zvetlen\u00fcl haszn\u00e1lhat\u00f3 folyad\u00e9k.<br \/>\nKiv\u00e1l\u00f3an alkalmas higi\u00e9n\u00e9s k\u00e9zfert\u0151tlen\u00edt\u00e9sre.<br \/>\nAlkalmaz\u00e1sa egyszer\u0171 \u00e9s biztons\u00e1gos, \u00edgy haszn\u00e1lata javasolt otthoni k\u00f6r\u00fclm\u00e9nyek k\u00f6z\u00f6tt, valamint Iskol\u00e1kban, int\u00e9zm\u00e9nyekben.<br \/>\nGyakori haszn\u00e1lat eset\u00e9n sem sz\u00e1r\u00edtja ki a k\u00e9zb\u0151rt, fert\u0151tlen\u00edt, k\u00edm\u00e9li a kezet.<br \/>\n100 g oldat 80 g etanol akt\u00edv hat\u00f3anyagot tartalmaz.<br \/>\nHat\u00e1sspektrum: baktericid (MRSA is bele\u00e9rtve), fungicid, virucid (burkos \u00e9s burok n\u00e9lk\u00fcli v\u00edrusok), tuberkolocid, levurocid (yeasticid), mykobaktericid.<\/p>\n<p>Felhaszn\u00e1l\u00e1s:<br \/>\nJuttassunk 3-5 ml term\u00e9ket a kez\u00fcnkre, majd egyenletesen d\u00f6rzs\u00f6lj\u00fck sz\u00e9t.<br \/>\nA megfelel\u0151 hat\u00e1s \u00e9rdek\u00e9ben 30 m\u00e1sodpercig kell alkalmazni, mialatt a b\u0151rfel\u00fclet maradjon folyamatosan nedves\u00edtett.<\/p>\n<p>Alkalmaz\u00e1si ter\u00fclet<br \/>\nK\u00e9zfert\u0151tlen\u00edt\u00e9s otthoni k\u00f6r\u00fclm\u00e9nyek k\u00f6z\u00f6tt, iskol\u00e1kban, int\u00e9zm\u00e9nyekben is haszn\u00e1lhat\u00f3.<\/p>\n<p>Term\u00e9k saj\u00e1toss\u00e1gai:<br \/>\n-Kiv\u00e1l\u00f3 fert\u0151tlen\u00edt\u0151 hat\u00e1s.<br \/>\n-Egyszer\u0171en haszn\u00e1lhat\u00f3.<br \/>\n-Kiv\u00e1l\u00f3 b\u0151rv\u00e9d\u0151 hat\u00e1s.<\/p>\n<p>Mi\u00e9rt \u00e9rdemes a term\u00e9ket v\u00e1lasztani:<br \/>\n-Gyorsan \u00e9s hat\u00e9konyan fert\u0151tlen\u00edt.<br \/>\n-Cs\u00f6kkenti a fert\u0151z\u00e9ses megbeteged\u00e9sek kialakul\u00e1s\u00e1nak kock\u00e1zat\u00e1t.<br \/>\n-K\u00f6zvetlen\u00fcl alkalmazhat\u00f3 a b\u0151rfel\u00fcleten.<br \/>\n-V\u00edz n\u00e9lk\u00fcl fert\u0151tlen\u00edti a kezet.<br \/>\n-Nem ig\u00e9nyel \u00f6bl\u00edt\u00e9st.<br \/>\n-Ide\u00e1lisan haszn\u00e1lhat\u00f3 otthoni k\u00f6r\u00fclm\u00e9nyek k\u00f6z\u00f6tt, iskol\u00e1kban, int\u00e9zm\u00e9nyekben.<br \/>\n-Gyakori haszn\u00e1lat eset\u00e9n sem sz\u00e1r\u00edtja ki a k\u00e9zb\u0151rt.<br \/>\n-Nem tartalmaz kl\u00f3rt.<\/p>\n<p>Specifik\u00e1ci\u00f3k \u00e9s j\u00f3v\u00e1hagy\u00e1sok:<br \/>\nNemzeti N\u00e9peg\u00e9szs\u00e9g\u00fcgyi K\u00f6zpont HU-2020-IDEIGLENES-1-00004 enged\u00e9ly<\/p>\n<p>Min\u0151s\u00e9gi jellemz\u0151k:<br \/>\n-K\u00fcls\u0151: f\u00e9nyes, tiszta folyad\u00e9k<br \/>\n-S\u0171r\u0171s\u00e9g 15\u00b0C-on [g\/cm3]: 0,861<br \/>\n-pH: 6,1<\/p>\n<p>T\u00e1rol\u00e1si \u00e9s kezel\u00e9si el\u0151\u00edr\u00e1sok:<br \/>\nV\u00edzt\u0151l \u00e9s t\u0171z\u0151 napt\u00f3l v\u00e9dett helyen, az eredeti kiszerel\u00e9sben, l\u00e9gmentesen lez\u00e1rva, \u00e9lelmiszerekt\u0151l elk\u00fcl\u00f6n\u00edtve, gyermekekt\u0151l, elz\u00e1rt helyen t\u00e1roland\u00f3.<br \/>\nA term\u00e9ket k\u00f6r\u00fcltekint\u0151en haszn\u00e1ljuk, haszn\u00e1lat el\u0151tt mindig olvassuk el a c\u00edmk\u00e9t \u00e9s a term\u00e9k inform\u00e1ci\u00f3kat.<br \/>\nKiz\u00e1r\u00f3lag k\u00fcls\u0151leg haszn\u00e1ljuk! Ne ker\u00fclj\u00f6n ny\u00edlt l\u00e1ng vagy elektromos h\u0151forr\u00e1s k\u00f6zel\u00e9be.<\/p>\n<p>Az aj\u00e1nlott t\u00e1rol\u00e1si k\u00f6r\u00fclm\u00e9nyek betart\u00e1sa mellett, bontatlan g\u00f6ngy\u00f6legben a szavatoss\u00e1gi id\u0151: 36 h\u00f3nap<\/p>\n","protected":false},"excerpt":{"rendered":"<p>A MOL Hygi Fluid h\u00edg\u00edt\u00e1st \u00e9s \u00f6bl\u00edt\u00e9st nem ig\u00e9nyl\u0151, b\u0151rfel\u00fcleten k\u00f6zvetlen\u00fcl haszn\u00e1lhat\u00f3 folyad\u00e9k.<br \/>\nKiv\u00e1l\u00f3an alkalmas higi\u00e9n\u00e9s k\u00e9zfert\u0151tlen\u00edt\u00e9sre.<br \/>\nAlkalmaz\u00e1sa egyszer\u0171 \u00e9s biztons\u00e1gos, \u00edgy haszn\u00e1lata javasolt otthoni k\u00f6r\u00fclm\u00e9nyek k\u00f6z\u00f6tt, valamint Iskol\u00e1kban, int\u00e9zm\u00e9nyekben.<br \/>\nGyakori haszn\u00e1lat eset\u00e9n sem sz\u00e1r\u00edtja ki a k\u00e9zb\u0151rt, fert\u0151tlen\u00edt, k\u00edm\u00e9li a kezet.<br \/>\n100 g oldat 80 g etanol akt\u00edv hat\u00f3anyagot tartalmaz.<\/p>\n","protected":false},"featured_media":8608,"template":"","meta":[],"etheme_brands":[],"product_brand":[],"product_cat":[51,64],"product_tag":[71,70,72,69],"class_list":{"0":"post-8607","1":"product","2":"type-product","3":"status-publish","4":"has-post-thumbnail","6":"product_cat-fertotlenitoszerek","7":"product_cat-higieniai-termekek","8":"product_tag-fertotlenito","9":"product_tag-hygi","10":"product_tag-keztisztito","11":"product_tag-mol","13":"first","14":"instock","15":"taxable","16":"shipping-taxable","17":"purchasable","18":"product-type-simple"},"_links":{"self":[{"href":"https:\/\/showcase.westerlike.net\/Timba\/wp-json\/wp\/v2\/product\/8607","targetHints":{"allow":["GET"]}}],"collection":[{"href":"https:\/\/showcase.westerlike.net\/Timba\/wp-json\/wp\/v2\/product"}],"about":[{"href":"https:\/\/showcase.westerlike.net\/Timba\/wp-json\/wp\/v2\/types\/product"}],"version-history":[{"count":0,"href":"https:\/\/showcase.westerlike.net\/Timba\/wp-json\/wp\/v2\/product\/8607\/revisions"}],"wp:featuredmedia":[{"embeddable":true,"href":"https:\/\/showcase.westerlike.net\/Timba\/wp-json\/wp\/v2\/media\/8608"}],"wp:attachment":[{"href":"https:\/\/showcase.westerlike.net\/Timba\/wp-json\/wp\/v2\/media?parent=8607"}],"wp:term":[{"taxonomy":"brand","embeddable":true,"href":"https:\/\/showcase.westerlike.net\/Timba\/wp-json\/wp\/v2\/etheme_brands?post=8607"},{"taxonomy":"product_brand","embeddable":true,"href":"https:\/\/showcase.westerlike.net\/Timba\/wp-json\/wp\/v2\/product_brand?post=8607"},{"taxonomy":"product_cat","embeddable":true,"href":"https:\/\/showcase.westerlike.net\/Timba\/wp-json\/wp\/v2\/product_cat?post=8607"},{"taxonomy":"product_tag","embeddable":true,"href":"https:\/\/showcase.westerlike.net\/Timba\/wp-json\/wp\/v2\/product_tag?post=8607"}],"curies":[{"name":"wp","href":"https:\/\/api.w.org\/{rel}","templated":true}]}}